1 = -217. Let o be f(z). Calculate the highest common factor of 1 and o.
1
Let f = -5 - -9. Let t(z) = z**3 - 11*z**2 - 25*z + 26. Let s be t(15). Suppose -s = -27*c - 173. What is the highest common divisor of f and c?
2
Let z = 5 + -2. Suppose -p = -z*p + 112. Suppose -384*q - 364*q + 7070 = -243*q. Calculate the highest common factor of q and p.
14
Suppose 5*z - 35 - 158 = -3*h, -3*z - 2*h + 115 = 0. Suppose 7*w = 3*w + 1640. What is the highest common factor of z and w?
41
Let b(m) = 12*m - 26. Let f be b(8). Let r = 102 - f. Let h = r - 16. Calculate the greatest common divisor of h and 4.
4
Let z = -18830 - -18949. What is the highest common factor of z and 323?
17
Let m = 5160 + -5128. Calculate the highest common divisor of m and 3376.
16
Let b be (-18)/(-63) - (-808)/14. Let r(z) = -3*z**2 + 8*z + 5. Let k be r(6). Let h = b + k. Calculate the greatest common divisor of 3 and h.
3
Suppose -106 = -4*x + 5*v, -36 = 4*v - 28. Let p(l) = -l**3 + 6*l**2 + 9*l - 6. Let j be p(6). What is the greatest common divisor of x and j?
24
Let n(k) be the first derivative of -k**4/4 - 5*k**3/3 - 2*k**2 + 6*k - 3. Let v be n(-5). Let y = -974 - -1000. What is the greatest common divisor of y and v?
26
Suppose 151*n - 144*n = 1092. Let z be 72/(-4)*8/(-6). Calculate the greatest common factor of n and z.
12
Let t be 12/(-27)*(-12)/(-8) - (-54550)/15. Calculate the highest common divisor of t and 36.
36
Let m be (80/(-6))/(1 - (-152)/(-144)). Calculate the highest common factor of m and 615.
15
Let y(x) = -3*x**2 - 14*x + 60. Let r be y(2). Calculate the highest common divisor of 192 and r.
4
Suppose -8*w - 5*d - 123 = -10*w, -113 = -2*w - 5*d. Calculate the highest common factor of w and 1180.
59
Let l = -9586 + 25364. Calculate the greatest common divisor of l and 28.
14
Let v(b) = b**3 + 25*b**2 + 114*b + 3. Let w be v(-6). Calculate the greatest common factor of w and 1536.
3
Suppose 6*q = -566 - 772. Let b = q - -275. Calculate the highest common divisor of 130 and b.
26
Suppose 0 = 5*r - 1936 + 421. Let o = 332 - r. Let g(f) = 50*f + 3. Let b be g(4). What is the greatest common divisor of o and b?
29
Let n be 7 - (-5)/15*-33. Let f be (-3036)/(-126) - n/(-42). What is the highest common divisor of f and 304?
8
Suppose 0 = 15322*y - 15320*y - 17952. What is the greatest common factor of y and 660?
132
Let k be 77 + (2 + 1 - 18/3). Suppose -2*j + k = i + 3*j, i - 64 = -3*j. Calculate the greatest common factor of 14 and i.
7
Let i be (-2 - 2) + 5/((-15)/(-21)). Let m = -1174 + 1228. What is the greatest common factor of m and i?
3
Suppose -102 - 84 = -27*n - 51. Suppose 8*d + 72 = j + 3*d, 5*d = -3*j + 136. Let x = j + -37. What is the greatest common factor of n and x?
5
Let g(s) = 12 - 9 - s - 9*s + 0*s - s**2. Let m be g(-11). Let d be 2*(-28)/m - 4. What is the greatest common divisor of d and 21?
3
Suppose 0 = 3*m + n - 0*n - 9, -3*m - 5*n + 21 = 0. Let c = 12 + m. Suppose 0 = s + 3*s - 112. Calculate the highest common factor of s and c.
14
Let p(i) = -690*i - 1323. Let y be p(-2). Calculate the greatest common factor of y and 3401.
19
Let z(n) = n**2 - 5*n + 4. Let u be z(2). Let f be (-4317)/(-15) - u/10. Let d = -126 + f. What is the greatest common factor of d and 18?
18
Suppose -3*z - 309 = -3*u, 4*u - 327 = u - 3*z. Suppose -15*w + 1344 - 21 = -1062. Calculate the highest common divisor of w and u.
53
Let i be ((-120)/(-7))/((-31)/(-217)). Suppose 0*v + 2*v - i = 0. Calculate the highest common factor of 50 and v.
10
Suppose 0 = 3*k + 157 - 274. Let f = -332 + 335. What is the highest common factor of k and f?
3
Suppose 16*m - 14*m - 14 = 0. Let n be (m/(-21))/(2/(-84)). Calculate the highest common divisor of 70 and n.
14
Suppose -9*q - 98 = -16*q. Suppose i = -12 + q. Let t be ((-111)/(-2) + i/(-4))*3. Calculate the highest common divisor of t and 15.
15
Let u(v) = 2*v**3 - 80*v**2 - v + 52. Let s be u(40). What is the highest common factor of 18600 and s?
12
Let j(q) = -9*q + 155. Let u be j(17). Suppose -u*m = -46 + 16. Calculate the greatest common divisor of m and 615.
15
Let q(b) = 122*b - 334. Let m be q(3). Suppose -2*r = 3*i - 192, 0 = -7*r + 4*r + 2*i + 288. Calculate the highest common divisor of r and m.
32
Suppose 5*p = 3*t + 963, -4*p - 5*t + 430 = -370. Calculate the greatest common divisor of p and 1820.
65
Let d(g) = 19*g + 742. Let f be d(-34). What is the greatest common divisor of f and 2208?
96
Suppose 5*z - 143 = -v - 2*v, 0 = -5*v - 5*z + 235. Let x = 56828 - 56506. Calculate the highest common factor of x and v.
46
Suppose -10*m + 9*m = -3. Let n(g) = 100*g - 5. Let b be n(5). Suppose 8*l - b = m*l. What is the greatest common factor of 66 and l?
33
Suppose 5*z - 140978 = -4*s, 0 = 5*z - 2*s - 15547 - 125449. Let b be 3/(-15) + z/115. Calculate the highest common divisor of 5 and b.
5
Suppose -5*q - 55 + 199 = -3*c, q - c - 28 = 0. Let g = 25022 - 24872. Calculate the greatest common divisor of g and q.
30
Suppose -89 = 3*k + 58. Let b = k + 49. Let i be 20 + b/(2 + -3 + 2). Calculate the highest common divisor of i and 20.
20
Suppose -4*m - 432 = -152. Let p = m + 74. Suppose -p*c = -10*c + 102. Calculate the greatest common divisor of 1 and c.
1
Suppose -11016*d - 6160 = -11030*d. What is the greatest common divisor of 781 and d?
11
Suppose -4*b = h - 102, 100 = -2*h + 3*h + 2*b. Let s = -9559 + 9587. Calculate the highest common factor of s and h.
14
Let p = 28 + -20. Let u = 188 + -186. Suppose 4*l = u*d - 108, -251 = -4*d - 3*l + 4*l. Calculate the highest common divisor of d and p.
8
Let p(a) = 2*a**2 - 28*a - 1273. Let g be p(-40). Calculate the highest common divisor of 66 and g.
11
Suppose -8*v + 23980 = -321 - 2819. Calculate the greatest common factor of v and 90.
30
Suppose -5*t = -2 - 8. Suppose t = -o + 35. Suppose -89*f + 40*f + 3762 = 65*f. Calculate the highest common divisor of o and f.
33
Let k(w) = 102*w**2 - 70*w + 136. Let z be k(2). What is the greatest common factor of z and 505?
101
Let d be 12*8/(-264) + 20868/33. What is the greatest common divisor of 40 and d?
8
Suppose -6*a + 15*a = 1881. Let w = -207 + a. Calculate the greatest common factor of 16 and w.
2
Suppose 5*h - 323 - 57 = 0. Let x be 8 + 4/2 + -2. Suppose 4*g - h = -x. Calculate the highest common divisor of 17 and g.
17
Let c(t) = t**3 - 26*t**2 + 21*t - 9. Let k be c(25). Let r = k + 133. What is the highest common factor of 3 and r?
3
Let h(c) = c**3 + 13*c**2 - 2*c - 3. Suppose -10*s + 7*s = 33. Let z be h(s). What is the highest common factor of 58 and z?
29
Let m be (-1 - (-8)/6) + 1272/18. Suppose 72*j - 70*j - 710 = 0. What is the highest common factor of j and m?
71
Let h = -22 + -466. Let v be h/(-5) - 34/(-85). Calculate the highest common divisor of 56 and v.
14
Let a be (24/9)/(4/48). Let k(c) = 14*c**2 + 12*c - 144. Let r be k(6). Calculate the highest common divisor of r and a.
16
Let n(q) = -q**2 + 7*q - 8. Let o be n(5). Let x(f) = 59*f - 25. Let r be x(1). Calculate the greatest common divisor of r and o.
2
Suppose -2*n - 20 = -4*g + 8, 0 = 4*g + n - 22. Let a = -88 - -32. Let u = 98 + a. Calculate the greatest common divisor of u and g.
6
Suppose -140*w + 145*w = 40. Let k be w/(-20) - (-84)/10. What is the highest common divisor of 4 and k?
4
Let x be (-6882)/(-341) - 2/11. Suppose 5*q - x*d - 916 = -18*d, 5*q - 913 = d. What is the greatest common factor of 14 and q?
14
Let o = 269 + -250. Let d be (2 - 2) + 2 + (o - -39). Calculate the highest common factor of 9 and d.
3
Suppose -533*v + 531*v + 8103 + 6791 = 0. Calculate the highest common factor of 11 and v.
11
Let t be (-1 - -13)/((-6)/(-60)). Suppose 12 - 12 = 16*i. Suppose -116 = -4*z - 5*k, i = 2*z - 3*k + 14 - 50. Calculate the greatest common factor of t and z.
24
Let s(h) = -h**2 + 8*h + 297. Let q be 6*(-8)/(-24)*8. Let j be s(q). Calculate the highest common divisor of 13 and j.
13
Let i(r) = 4*r + 49. Let f be i(-11). Suppose -9*t = -f*t - 556. Let z = t + -116. Calculate the highest common divisor of z and 46.
23
Suppose -4*g + 555 = -3*v + 503, g + 5*v = 36. Calculate the greatest common divisor of g and 184.
8
Let o(z) be the third derivative of z**4/8 + 19*z**3/2 - 2*z**2 + 28. Let r be o(-17). Calculate the highest common divisor 